y(-7). Suppose g + 3 - 16 = -3*k, -4*g + 7 = -d*k. What is the units digit of g?
4
Let t(l) = -l**2 - 10*l - 2. Let z be t(-9). Let w(d) = d - 8. Let j be w(z). What is the tens digit of 164/8 - j/2?
2
Suppose 0*l - 4*l = -72. Suppose 2*r + 0*r = -l. What is the units digit of 2/4*-2*r?
9
Suppose 6*w - 207 = 51. What is the tens digit of w?
4
Suppose -3*h - 5*z - 96 = -4*h, -3*h - z = -240. What is the units digit of h?
1
Let b = -14 - -14. What is the tens digit of 1/1 + b - -22?
2
Let j(p) = -45*p - 17. What is the units digit of j(-7)?
8
Let v be (-1)/(-2*1/(-14)). Let y = v + 12. Suppose 3*k = -i + 13 + 7, -y*k + 33 = 2*i. What is the units digit of k?
7
Let r = 22 - 18. Suppose 0 = -5*l + 37 - 7. Suppose 0 = -r*c + 2*o + 52, -2*c + 26 = l*o - o. What is the units digit of c?
3
Let s = -36 + 46. Let h be 0 + -1 + 1 + 1. What is the tens digit of s + h + (-6)/(-3)?
1
Suppose -2*v = 3*v - 490. What is the tens digit of v?
9
Let w = -5 + 9. Let y(g) = -g**3 + 4*g**2 + g. Let f be y(w). Suppose -2*c + 9 = 5*d, -3*c - f*d + 11 = -6. What is the units digit of c?
7
Let x(o) = o + 6. Let k be x(-7). Let s be -53*2 - (-2 - k). What is the tens digit of s/(-9) + 1/3?
1
Let g(x) = x**2 + 2*x - 2. Suppose -5 = -f - 3. Let q be g(f). What is the units digit of (-1 + (0 - q))*-2?
4
What is the units digit of 4/((-11)/(1595/(-2)))?
0
Let p be (-10)/25 - 664/(-10). Suppose -3*r = -3*f + p, 0*f - f = 5*r - 10. What is the units digit of f?
0
Let o(l) = -l**2 + 4*l + 1 - 5*l + 3*l + 2*l**2. What is the units digit of o(-3)?
4
Suppose -1 = -5*o - 21. Let s(c) = -2*c + 5. What is the tens digit of s(o)?
1
Let c = 77 - 42. What is the tens digit of c?
3
Let n(u) = 4*u - 1. Let q be n(1). Let l = 2 - q. Let p = 1 - l. What is the units digit of p?
2
Suppose 0 = b - 5 + 3. Suppose -b*k = -0*k - 38. What is the tens digit of k?
1
What is the tens digit of (-6)/14 - 248/(-7)?
3
Let y be (3/7)/((-4)/(-28)). Suppose 0 = 5*o + 15, -4*o + 0 = -a + 14. Suppose 0 = y*w + a*w - 5. What is the units digit of w?
1
Let m(l) = l**3 - 3*l + 0*l**3 + 2*l + 0*l. Let p be m(-1). Suppose p = -b + 4 + 7. What is the tens digit of b?
1
Let j be (-33)/(-6)*(14 + 2). Let z = j + -51. What is the units digit of z?
7
Let d = -83 + 391. What is the tens digit of d?
0
Let o = 38 + 7. What is the units digit of o?
5
Suppose i - 5 + 3 = 0. Suppose -3*g + 3*f = g + 32, 5*g + 33 = i*f. Let n(q) = -2*q + 2. What is the units digit of n(g)?
2
Suppose 0 = 2*y + 3*y - 15. Suppose p - 12 = -4*l, -y*p = 2*l - 2*p - 8. Suppose l - 26 = -4*a. What is the units digit of a?
6
Let c(b) = -2*b + 2*b**3 - b**3 - 2 - 2*b**3 - b**2 + 0*b. What is the units digit of c(-2)?
6
Suppose 2 + 22 = 5*n + 2*o, -4*n + 10 = -3*o. Suppose -2*q = -3*a + 11, -3*a - 5*q + n - 21 = 0. Suppose -3*w - a = -4*w. What is the units digit of w?
1
Suppose 0 = -4*v + 5*w + 925, -2*v - w = -0*w - 473. What is the units digit of v?
5
Let m be (-2 - 0)/(-2)*0. Let a be m - 32 - 9/(-3). Let p = a - -42. What is the tens digit of p?
1
Let v = -474 + 680. What is the hundreds digit of v?
2
Suppose k = -7 - 5. Let a = -2 + 4. Let r = a - k. What is the units digit of r?
4
Let v(y) = -y**3 + 10*y**2 - 8*y - 7. Let o be v(9). What is the tens digit of 13 - (o + (-3)/(-3))?
1
Suppose -v + 4 = -0*v. Suppose 3*a + 3 = 0, 2*i - v*a = -3*i + 149. Suppose -4*k + i + 3 = 0. What is the units digit of k?
8
Let b = 80 - 57. Suppose -3 = -x + b. What is the tens digit of x?
2
What is the units digit of ((-1)/2)/(1/(-66))?
3
Let k(j) = -j**3 - 6*j**2 - 2*j + 7. What is the tens digit of k(-6)?
1
Suppose -9*m = -5*m - 128. Suppose -28 - m = -4*b. What is the units digit of b?
5
Let z be -4*3/(-6) - -2. Suppose 3*v - 35 = -4*h, -z*h + 2*h - 59 = -3*v. What is the units digit of v?
7
Let g(c) = -5 - 9*c + 0 - 1 + 3. What is the tens digit of g(-2)?
1
Let u(k) = 2*k**3 + 2*k**2 - 4*k - 1. What is the tens digit of u(2)?
1
Let d(v) = v - 1. Let j be d(1). Suppose 2*a - 3*o + 0*o = -5, a - 2*o + 4 = j. What is the units digit of a?
2
Let d = -114 - -353. What is the units digit of d?
9
Suppose -4*l - 3 = -15. What is the units digit of l + -2 - (-21)/1?
2
Let c = -24 - -27. What is the units digit of c?
3
Suppose 2*o = 4*n + 6, 7*o - 2*o + 2*n = 15. Suppose o*p = -0*p + 60. What is the units digit of p?
0
What is the units digit of ((-10)/(-45) - (-39)/(-54))*-8?
4
Let n(m) = m - 2. Let a be n(3). Let g be (-3)/3 - 1*-3. Suppose -2 = -y + g*h, y - 5*h + 5 = a. What is the units digit of y?
6
Suppose 0 = -2*n - 10, -3*n + 5*n = -5*j + 210. What is the units digit of j?
4
Suppose -r = -6*r + 395. What is the tens digit of r?
7
Let j = -36 + 42. What is the units digit of j?
6
Let y(d) = -4*d - 7. Let b be (2 + 0)*7/14. Suppose -b = g - 2*o, g + 14 = -3*g + 3*o. What is the units digit of y(g)?
3
Let c(q) = 2*q**3 - 5*q**2 - 3*q - 5. Suppose 3*f = -a + 12, -a - 24 = -3*f + 2*a. Let z be c(f). What is the units digit of 4/(-22) - z/(-33)?
3
Let m(h) = 2*h - 11. Let k be m(10). Let b = 8 + k. What is the units digit of b?
7
Suppose -4*s - s + 120 = 0. Suppose a - 8 = s. What is the tens digit of a?
3
What is the units digit of (3/(-6))/((-11)/242)?
1
Let y(w) = -w**2 - 9*w + 2. Let k be y(-9). Suppose 0*f + 2 = k*f. What is the tens digit of f*-1 - (-19 + 6)?
1
Suppose -4 = -3*b - 25. Let z = 8 + b. What is the units digit of z?
1
Let i be (3/(9/(-24)))/(-2). Suppose 4 = -i*w + 12. What is the units digit of ((-2)/3)/(w/(-3))?
1
Suppose 8 = -2*q + 2. Let j = 49 + q. Suppose 106 - j = 4*m. What is the units digit of m?
5
Suppose 10 = l + 5. What is the units digit of l*(-9)/(-3) + 3?
8
Let a(s) = -40*s + 1. What is the tens digit of a(-1)?
4
Suppose -4*c + 156 = 4*h, 4*c + c + 85 = 3*h. What is the units digit of h?
5
Suppose -4*g = -0*g, -2*g - 9 = -3*t. Suppose m + 4*n - 1 = 3, -t*m + 19 = 5*n. What is the units digit of m?
8
Let q(j) = 3*j**2 + 6*j + 5. Let d(r) = -r**3 + r + 1. Let b(u) = d(u) - q(u). Let a be b(-4). Suppose 5*y - 13 = a. What is the units digit of y?
9
Suppose -178 = -6*v + 68. What is the units digit of v?
1
Let b(n) = 8*n + 6. Let p be b(5). What is the tens digit of (-4)/(-6) + p/3?
1
Let t be 133/7 - (-4)/(-1). Let i = 11 + t. What is the units digit of i?
6
Let v = -3 - 0. Suppose 0 = -k - 2*k + 15. What is the units digit of 3/(0 - v)*k?
5
What is the tens digit of (5/1)/(15/165)?
5
Suppose 0*m + 3 = -i - 2*m, 12 = -4*m. Suppose 19 = 5*f + 2*q, 0 = 4*f - i*q - q - 32. Let z = f - 0. What is the units digit of z?
5
Let o(n) = -5*n - 5. Let a be (12/8 - 1)*-18. What is the tens digit of o(a)?
4
Suppose -2*b + 5*b - 6 = 0. Let x(s) = -s**2 + 6*s + 3. Let y be x(6). Suppose -y*k + 0 + 4 = -2*j, 0 = 4*j - b*k. What is the units digit of j?
1
What is the units digit of (-4)/(-18) - (-560)/72?
8
Let z(x) = -x**2 + 21*x + 11. What is the hundreds digit of z(10)?
1
Let s(q) = q**3 + 7*q**2 - 9*q - 5. Let d be s(-8). Let p be d - -1*(0 - -1). Suppose -4*j + p*r + 36 = 0, 3*j - 26 = 5*r + 9. What is the units digit of j?
5
Suppose -4*j - 59 = -191. Suppose j = 4*k + 5. Suppose -5*i = 3*n - 23, -3*n - k = 2*n - 3*i. What is the units digit of n?
1
What is the units digit of 19*2/(5 - 3)?
9
Let x(p) = -p**3 + 5*p**2 - 5*p + 3. Let r be x(3). Let w = r + -3. What is the units digit of w?
3
Let l(d) = -5*d + 1. Let n be l(3). Let u = -20 - n. What is the units digit of (-8)/3*u/4?
4
Let v(w) = -21*w. What is the units digit of v(-2)?
2
Suppose 3*b - 2*m + 239 = 0, 3*b + 4*m = 98 - 313. Let u = b + 109. What is the tens digit of u?
3
Let a(b) be the first derivative of -b**3/3 + 5*b**2/2 + 3*b + 4. Let h be a(5). Let j = 5 - h. What is the units digit of j?
2
Let s be 5/(39/18 - 2). Let y = -13 + s. What is the units digit of y?
7
Let p be (-38)/(-8) - 6/8. Let u(i) = i**3 - 9*i**2 + 8*i + 5. Let y be u(8). Suppose -5*j + 84 = y*g - 21, 2*g = p*j - 66. What is the tens digit of j?
1
Suppose -3*u = 2*u - 25. Suppose -2*s - 5*i + 7 = 0, 0 = u*s - i + 3 - 7. Suppose 2*b + 1 = -p, -2 + s = -3*b - p. What is the units digit of b?
2
Suppose 10*b + 6*b - 2048 = 0. What is the units digit of b?
8
Suppose 5*b - 504 = 211. What is the tens digit of b?
4
Let h = 1 - 0. Let p(u) = u**3 - u**2 - u. Let z(f) = 4*f**3 + 3*f**2 + 4*f + 5. Let a(w) = h*z(w) - 